 = 39 - 25. Suppose -45*c - 18*c = -1827. What is the remainder when c is divided by v?
1
Let a(z) = -z**3 + 17*z**2 - z + 20. Let h be a(17). Suppose h*g + 9*d - 7*d = 765, -g = -2*d - 255. Calculate the remainder when g is divided by 13.
8
Suppose 257 - 1682 = -25*o. Calculate the remainder when 170 is divided by o.
56
Suppose -8*r + 13*r = 50. Let b be 1 - -1 - (-59 - -17). Suppose 20 + b = 4*q. What is the remainder when q is divided by r?
6
Let x be (-614)/(-5) + (-8)/(-40). Suppose 155 + x = 2*p + 2*m, -p - 2*m = -142. Calculate the remainder when p is divided by 36.
28
Suppose 3*b + 8 = 5*b. Suppose 0 = -3*m - 5*s + 6, -b*s - 9 = -s. Suppose -m*w = -6*w - 38. What is the remainder when w is divided by 10?
8
Suppose -44*c - 188 = -46*c + 9*p, 0 = p - 2. What is the remainder when 35532 is divided by c?
100
Suppose 0 = -7*x - 2*x - 108. Let t = x + 30. Suppose 589 = 5*c + 149. Calculate the remainder when c is divided by t.
16
Let u(n) = 2*n**2 + 1. Let m = -1082 + 1158. Suppose -441 = -3*s - 3*r, 609 = 5*s - 5*r - m. What is the remainder when s is divided by u(-2)?
7
Suppose -2*v + 54 = c + v, -5*c - 4*v + 281 = 0. Suppose 7*l = 4*l + c. What is the remainder when 516/7 + (-4)/(-14) is divided by l?
17
Suppose -20*f = 11046 - 30606. Let b = f + -955. Suppose 2*h + h - 480 = 0. Calculate the remainder when h is divided by b.
22
Let v = -73 + 73. Let k be (-476)/(-4 + v) - -4. Suppose -r + p = 4*p - 21, -4*r + k = -p. What is the remainder when r is divided by 9?
3
Suppose -2*d + b + 150 = 0, -d + 0*d + 4*b = -61. Let z = -71 + d. What is the remainder when 14 is divided by z?
2
Let p(k) = -6*k**3 - 22*k**2 - 43*k - 5. What is the remainder when 183 is divided by p(-2)?
19
Suppose -21*u = -475 - 386. What is the remainder when 45 is divided by u?
4
Suppose 7064 = 20*q - 2193 - 12403. What is the remainder when q is divided by 12?
3
Let n = 87 + 18. Suppose 33*t - 13415 = -12194. What is the remainder when n is divided by t?
31
Suppose 0 = 3*x - 2*w - 230, 3*w = 5*x + 2*w - 395. Let v = 266 - x. Calculate the remainder when v is divided by 94.
92
Let f(i) = -107*i - 3. Let h be f(-1). Suppose 0 = -9*g + g + h. Suppose -5*x + 0 = -3*c + 1, -3*c = -2*x - g. What is the remainder when 20 is divided by c?
6
Let q(t) = 29*t**2 - 12*t + 13. Let l = -806 - -807. Calculate the remainder when 80 is divided by q(l).
20
Let c = 8 - 4. Suppose -81 = -c*b - i, b - 110 = -4*b - 3*i. Let p(t) = t**3 + 44*t**2 - 419*t - 83. Calculate the remainder when p(-52) is divided by b.
16
Let i = -39 + 66. What is the remainder when ((-216)/(-24) + -11)*266/(-4) is divided by i?
25
Let c(w) = -4*w - 1. Suppose -4*y = 2*l + l - 26, 0 = -4*l - 2*y + 28. Calculate the remainder when l is divided by c(-1).
0
Suppose -4*a - q + 1354 = 1290, -4*a + 2*q = -76. What is the remainder when 4043 is divided by a?
14
What is the remainder when 192644/51 - 12/9 is divided by 63?
59
Suppose -72 = -4*c + 5*a, 5*c + 21*a - 24*a = 103. Calculate the remainder when 86 is divided by c.
17
Suppose -72995 - 221575 = -155*j + 20*j. Calculate the remainder when j is divided by 95.
92
Let p = -17 - 62. Let r = p - -83. Suppose 139 + 69 = r*m - 4*o, -m = -2*o - 49. What is the remainder when m is divided by 19?
17
Let l = 2472 - 2395. Calculate the remainder when 2232 is divided by l.
76
Suppose -a - 3 = -4, -5*f - 5*a = -420. Suppose -31*u + 4784 = -f. Calculate the remainder when u is divided by 53.
51
Let n(p) = p**3 - 4*p**2 + 5*p - 1. Let c be n(3). Suppose i - c*i = -116. Let h = i + -23. Calculate the remainder when 9 is divided by h.
3
Suppose -27*f - 4*f = 80*f - 2775. What is the remainder when 117 is divided by f?
17
Suppose -5*y + 3*j + 144 + 25 = 0, -99 = -3*y + 3*j. What is the remainder when y is divided by (6/45*33)/(22/55)?
2
Let t(k) = 44*k - 9*k - 9*k - 12*k - 13*k + 2. Let i = 6 + 2. What is the remainder when 109 is divided by t(i)?
9
Let k(u) be the first derivative of -u**3/3 - 5*u**2/2 + 51*u + 118. Calculate the remainder when 99 is divided by k(-8).
18
Let t(b) = 12*b + 3. Let o be t(2). Suppose 53 + o = -5*n. Let y = 16 - n. Calculate the remainder when y is divided by 9.
5
Suppose -5*s - 2*j - 12 = 165, 3*s + 107 = -2*j. What is the remainder when 54 is divided by 7/(s/(-80)) + 3?
16
What is the remainder when 2350 is divided by (-176)/(-66)*1605/20*-1*-1?
210
Suppose g + 22 = 75. Calculate the remainder when g is divided by 33.
20
Let k = 777 - 774. Suppose -k*h - 2 - 13 = 0, -d + 150 = -h. What is the remainder when d is divided by 65?
15
Let m be (-1970)/25 + 3/(-15) + 1. What is the remainder when 57 is divided by 87*(m/(-126) + 2/(-7))?
28
Suppose c = -4*o + 3*c + 96, 4*c - 61 = -3*o. Calculate the remainder when 6669 is divided by o.
22
Let c(n) = 34*n**2 + 1572*n - 1572. Calculate the remainder when 30157 is divided by c(1).
33
Suppose -i = 4*z + 200, 481 = -5*i + 2*z - 563. Let o = -176 - i. What is the remainder when o is divided by 17?
15
Let s = 54 - 101. Let c = -37 - s. Suppose -2*a = -a - 27. What is the remainder when a is divided by c?
7
Let o = -3879 - -3903. Calculate the remainder when 1126 is divided by o.
22
Let g(w) be the first derivative of -w**4/4 + 7*w**3/3 + w**2/2 + w + 31. Calculate the remainder when 180 is divided by g(7).
4
Let y(w) = -10*w - 75. Let c be y(-12). Suppose -2*g = -5*t + c, -g = 3*t - 2*t - 16. What is the remainder when 85 is divided by t?
8
Suppose 4 = 51*k - 52*k, 4*k + 180 = 4*j. Suppose -j = -13*r + 37. What is the remainder when (-2)/4*(0 + -94) is divided by r?
5
Calculate the remainder when (-2)/22 - (-369600)/3388 is divided by 94.
15
Suppose 4*f = -4*b - 41 + 121, 0 = -5*b + 3*f + 84. Let c(o) = 2*o**2 - 35*o + 29. What is the remainder when 232 is divided by c(b)?
44
Let m(y) = -2*y**3 - 9*y**2 - 16*y - 8. What is the remainder when 1078 is divided by m(-5)?
11
Let m(t) = 81*t - 11699. Calculate the remainder when 4054 is divided by m(145).
6
Suppose -2*f = 2*b - 124, -2*f - 2*b + 152 = -7*b. What is the remainder when 137 is divided by f?
5
Suppose 5*u - 1405 = -t, -4*u - 3*t = -446 - 689. Calculate the remainder when u is divided by 132.
16
Let i(n) = 442*n**2 - 4*n. What is the remainder when i(1) is divided by 116?
90
Suppose 3*w - 14 = 4*w. Let s be (-7)/w + 5/2. What is the remainder when ((-18)/(-5))/(s/20) is divided by 9?
6
Let h(q) = -4*q**3 + q**2 + 4*q - 2. Let n = -52 - -48. What is the remainder when h(n) is divided by 66?
56
Let l be (18/(-4))/((-7)/14). Let z = l - -3. Let b(m) = 94*m + 20. What is the remainder when b(0) is divided by z?
8
Suppose 6 = -c, 3*z = -z + 3*c + 1922. What is the remainder when z is divided by 46?
16
What is the remainder when 703 is divided by -9 + 1 + 13 + 45 + 1?
40
Let p = 3461 + -3228. What is the remainder when p is divided by 78?
77
Suppose -206*g + 171265 + 3398 - 23871 = 0. Calculate the remainder when g is divided by 282.
168
What is the remainder when (-4)/10 - 1302/(-30) is divided by (3/(-10) - (-34)/(-68))*4*-5?
11
Let n(v) = -5*v**2 + 4*v - 11. Let s be n(-5). Let j be s*((-9)/(-2))/(-9). Suppose 4*h - 186 - j = 0. Calculate the remainder when h is divided by 17.
15
Let m = 1757 - 1756. Suppose b = -4*g - b + 54, -4*g + b = -63. Calculate the remainder when g is divided by m.
0
Suppose -v + 20 = 3*b + 2, -7*b - 4*v + 32 = 0. What is the remainder when 258 is divided by b?
2
What is the remainder when 2777 is divided by (-6266)/(-27) + 3*(-5)/810*4?
225
Let z = 23261 - 23190. Calculate the remainder when 183 is divided by z.
41
Suppose 2*g - 95 = -17*g. Suppose g*v - 18 = -3*x, 10*v = 3*x + 6*v + 9. What is the remainder when 141 is divided by (16/(-3))/(x/(-9))?
45
Suppose -5*v = -26*v. Suppose v*q = 5*q + 3*o - 25, 2*q = -4*o - 4. What is the remainder when 9 is divided by q?
1
Let q = -5 + 12. Let n = 5 + -1. Calculate the remainder when 48 + 3 - (n + 0) is divided by q.
5
Let f(b) = 75*b + 931. Let x = -17 - -35. Suppose 0 = -3*t - 0*t + x. What is the remainder when f(-12) is divided by t?
1
Suppose 252*j - 193*j = 11682. Calculate the remainder when j is divided by 22.
0
Let d(n) = -n**3 - 59*n**2 - 62*n - 125. What is the remainder when 218 is divided by d(-58)?
4
Suppose 0 = 2*p + 8 - 14. Let r = p - -2. Let o = 221 + -209. What is the r